{"id":149,"date":"2024-05-02T13:41:22","date_gmt":"2024-05-02T13:41:22","guid":{"rendered":"https:\/\/zcolchon.com\/tempocontratistas\/?post_type=product&#038;p=149"},"modified":"2024-08-07T16:55:19","modified_gmt":"2024-08-07T16:55:19","slug":"baldosas-black-theater","status":"publish","type":"product","link":"https:\/\/zcolchon.com\/tempocontratistas\/producto\/baldosas-black-theater\/","title":{"rendered":"Baldosas Black Theater"},"content":{"rendered":"<p>Black Theater es un sistema ac\u00fastico y lum\u00ednico con propiedades de aislamiento t\u00e9rmico y ac\u00fastico, en lana de vidrio, liviano, de color negro y textura uniforme.<\/p>\n<p><a class=\"elementor-button elementor-button-link elementor-size-sm\" href=\"https:\/\/www.tempocontratistas.com\/pdf\/2017-12-20-13-07-59-Ficha-Black-Theater.pdf\" target=\"_blank\" rel=\"noopener\"><span class=\"elementor-button-content-wrapper\"><span class=\"elementor-button-text\">Ver Ficha Tecnica<\/span><\/span><\/a><\/p>\n","protected":false},"excerpt":{"rendered":"<p>Black Theater es un sistema ac\u00fastico y lum\u00ednico con propiedades de aislamiento t\u00e9rmico y ac\u00fastico, en lana de vidrio, liviano, de color negro y textura uniforme. Ver Ficha Tecnica<\/p>\n","protected":false},"featured_media":150,"comment_status":"closed","ping_status":"closed","template":"","meta":{"_joinchat":[]},"product_brand":[],"product_cat":[24],"product_tag":[],"class_list":{"0":"post-149","1":"product","2":"type-product","3":"status-publish","4":"has-post-thumbnail","6":"product_cat-cielorrasos-negros","8":"first","9":"instock","10":"featured","11":"shipping-taxable","12":"product-type-simple"},"_links":{"self":[{"href":"https:\/\/zcolchon.com\/tempocontratistas\/wp-json\/wp\/v2\/product\/149","targetHints":{"allow":["GET"]}}],"collection":[{"href":"https:\/\/zcolchon.com\/tempocontratistas\/wp-json\/wp\/v2\/product"}],"about":[{"href":"https:\/\/zcolchon.com\/tempocontratistas\/wp-json\/wp\/v2\/types\/product"}],"replies":[{"embeddable":true,"href":"https:\/\/zcolchon.com\/tempocontratistas\/wp-json\/wp\/v2\/comments?post=149"}],"wp:featuredmedia":[{"embeddable":true,"href":"https:\/\/zcolchon.com\/tempocontratistas\/wp-json\/wp\/v2\/media\/150"}],"wp:attachment":[{"href":"https:\/\/zcolchon.com\/tempocontratistas\/wp-json\/wp\/v2\/media?parent=149"}],"wp:term":[{"taxonomy":"product_brand","embeddable":true,"href":"https:\/\/zcolchon.com\/tempocontratistas\/wp-json\/wp\/v2\/product_brand?post=149"},{"taxonomy":"product_cat","embeddable":true,"href":"https:\/\/zcolchon.com\/tempocontratistas\/wp-json\/wp\/v2\/product_cat?post=149"},{"taxonomy":"product_tag","embeddable":true,"href":"https:\/\/zcolchon.com\/tempocontratistas\/wp-json\/wp\/v2\/product_tag?post=149"}],"curies":[{"name":"wp","href":"https:\/\/api.w.org\/{rel}","templated":true}]}}